q(p) = -2*p**2 - 7*p + 8. Let v be q(-4). Suppose 801 = v*r + 201. What is the greatest common divisor of 25 and r?
25
Suppose c - 3*p - 47 = 0, -8*c + 4*p + 213 = -3*c. What is the greatest common divisor of 328 and c?
41
Suppose u = -u + 30. Suppose -2*i + 19 = -u. Let p(j) = 37*j - 951. Let l be p(28). What is the highest common factor of i and l?
17
Let m(x) = 15*x + 481. Let h be m(-26). What is the highest common factor of h and 35?
7
Suppose -124 = 5*d - 3*a, -6 = -2*a - 0. Let b be (3 + (-42)/8)*8. Let c = b - d. Calculate the greatest common divisor of 1 and c.
1
Suppose 42 = q + 5*o, 4*q + o - 111 = 2*q. Let k = -7 - -25. Suppose 3*j - q = -k. Calculate the greatest common divisor of 91 and j.
13
Suppose 3*j - 4*r - 602 = 900, -4*j - 2*r = -2032. Let x = 794 - j. Let w be 10/(-3)*x/(-16). Calculate the greatest common divisor of w and 12.
12
Let h(v) = v**2 - 5*v - 34. Let k be h(-8). Let j = -36 - -16. Let p = j - -30. Calculate the greatest common factor of k and p.
10
Let t(c) = -c**2 + 24*c + 7. Let q be t(17). Suppose s = -4*p - 5 - 11, 2*s = 5*p + 33. Suppose g = 10 + s. What is the highest common divisor of g and q?
14
Let v be ((-12)/10)/((-4)/40*4). Let t(d) = 9*d - 18. Let w be t(v). What is the highest common factor of w and 9?
9
Let j be 32 + 9/(36/(-16)). Suppose 0 = 18*l - 16*l - j. Calculate the greatest common divisor of 112 and l.
14
Let i(q) = 6*q**2. Suppose 9*a - 8*a + 4 = 0. Let b be -1 + 5 + (a - -1). Let u be i(b). Calculate the highest common factor of u and 30.
6
Let z = 717 + -592. Suppose 4*s - 41 = 59. Calculate the highest common factor of s and z.
25
Let t be (-26)/2 - (3 + -7 + 5). Let i be ((-1824)/7)/(-8) + 8/t. Calculate the highest common factor of i and 288.
32
Let b = 5 - 3. Suppose -3*g + b*g = -3. Let s = -12 + 27. What is the highest common divisor of s and g?
3
Let w be -48*(6/9)/(-1). Let l = w - 45. Let m = 2 - l. What is the highest common divisor of m and 120?
15
Suppose -5*i = -0 - 20. Suppose -57 = 3*w - i*w. Suppose -w = 4*h - 141. What is the greatest common factor of 3 and h?
3
Let d be (28/(-6))/(8/(-12)). Suppose 3*w = x - 2, -2*w + d*x - 2*x = -3. Let k be (4 - (4 - w)) + 6. What is the greatest common divisor of 5 and k?
5
Let m(g) = -g**3 - 12*g - 55. Let f be m(-7). Calculate the greatest common divisor of f and 24.
12
Suppose 24 + 15 = 3*b. Suppose 5*i - 3*r + 7*r = 589, -5*i = -5*r - 580. Calculate the greatest common factor of i and b.
13
Suppose -c = 4*g - 226, -5*c + 19 = -g + 65. Calculate the highest common factor of 8 and g.
8
Suppose -1043*y - 24 = -1046*y. What is the highest common factor of y and 44?
4
Let c be 10 + -3 + -3 - 4. Suppose -b + c*m + 34 = -5*m, -4*b = -5*m - 61. Suppose 15 = g - b. What is the greatest common factor of g and 192?
24
Let a(k) = -3*k**3 - k**2 - 2*k + 189. Let y be a(0). Calculate the greatest common divisor of y and 7.
7
Let y be 0 + 28/2 + 3. Let o be (29/5)/(y/85). Calculate the highest common factor of 319 and o.
29
Suppose -16 = -4*m + 4*b, 1 + 5 = 3*m + 3*b. Suppose 5*k + 0*d - 94 = m*d, -d = 3. Let t = -7 - -24. What is the greatest common divisor of k and t?
17
Let s be (20/(-2))/(2/1). Let o = 27 + s. Calculate the greatest common divisor of o and 22.
22
Let v be 435/(4*(-9)/(-120)). What is the highest common factor of v and 25?
25
Let x be (-5 - 0/(-2))/(-1). Calculate the highest common factor of x and 2.
1
Suppose 7*u + 1 = 15. Suppose u*x + 2*d + 1 = 5, 0 = x - 2*d - 8. Calculate the greatest common factor of x and 8.
4
Suppose 4*f = -8 - 4, -4*o + 4*f = -152. What is the highest common divisor of 20 and o?
5
Let d(y) = 20*y**3 + y. Let f be d(1). Suppose 11*t = 16*t + 190. Let p = 185 + t. What is the greatest common divisor of f and p?
21
Let s = 257 + -226. What is the highest common divisor of 62 and s?
31
Let a(v) be the first derivative of -v**3/3 + 23*v**2/2 + 58*v + 4. Let x be a(25). Calculate the greatest common divisor of 8 and x.
8
Let a(p) = -4*p**3 - p**2 + 1 + 0 - 20*p**3. Let t be a(-1). Let h be 1*-10*(-39)/130. Calculate the highest common factor of t and h.
3
Let w = -5 - -23. Suppose l - 95 - 49 = 0. What is the highest common factor of l and w?
18
Let i(x) = x**3 - 11*x**2 + 13*x - 10. Let z be i(10). What is the greatest common divisor of 20 and z?
20
Let o(i) = 4*i**2 + 8. Let r be o(-7). Calculate the greatest common factor of 36 and r.
12
Suppose 7*f = 1243 + 528. What is the highest common factor of f and 23?
23
Let g be (162/(-15))/((-3)/20 - 0). Calculate the greatest common factor of g and 1944.
72
Suppose 5*i = 3*j - 5563, -4*j + 10204 - 2800 = -4*i. Calculate the greatest common factor of 39 and j.
13
Suppose 48*h = 40*h + 1792. What is the highest common factor of h and 8?
8
Let h be 22/4*(-5 - -2 - -15). Calculate the highest common divisor of 6 and h.
6
Let a(g) = -2*g**2 - 32*g + 20. Let o be a(-14). What is the greatest common factor of o and 133?
19
Let r be 2 + 0 + (6 - 34). Let d be r/((-3)/(3/1)). Let h be -10*(-30)/25*(-104)/(-6). What is the greatest common divisor of h and d?
26
Suppose -4*r + 99 - 31 = 0. Let t = -43 - -332. Calculate the greatest common factor of t and r.
17
Let k be 2/((9/14)/9). Suppose m = -3*n + 443 + k, 5*n = 2*m - 887. What is the greatest common factor of 57 and m?
57
Let l(i) = 2*i**2 - 18*i - 20. Let z be l(14). Suppose z = 7*o - 230. What is the highest common factor of o and 10?
10
Suppose -4*k + 9*k + 3*d = -17, 0 = k - 4*d - 15. Let h be 0 + 34 - k - 0. Suppose 2*n + 341 + 1584 = 13*n. Calculate the greatest common divisor of n and h.
35
Suppose 3*i - 7*i + 380 = 0. Let u(z) = 2*z**2 - 2*z + 2. Let b be u(2). Suppose b*v - i = v. What is the greatest common factor of 171 and v?
19
Let q = 260 - -20. What is the greatest common factor of 320 and q?
40
Suppose 9 = 5*y - 1. Suppose 2*v - 48 = -y*v. Let h be 59/5 - 63/(-315). Calculate the greatest common factor of h and v.
12
Let c(b) = b**2 - b + 96. Let y be c(0). Let r = -2116 + 2122. Calculate the greatest common divisor of y and r.
6
Let d be ((-6)/(-4))/((-6)/(-132)). Let n = 123 - d. Calculate the highest common factor of 60 and n.
30
Let c be (-8)/12 + (-208)/(-6). Let d = 59 - c. Suppose 3*a - z = 3*z + 23, 0 = a + 2*z - 1. Calculate the highest common divisor of d and a.
5
Let x(q) = q**3 + 15*q**2 - 59*q - 57. Let w be x(-18). What is the highest common factor of 42 and w?
3
Let v be ((-15)/(-6) + -3)*-40. Let i be -1*(-2 - 3/1). Suppose -i*m = -254 + 4. Calculate the greatest common divisor of m and v.
10
Let n = -144 + 1034. What is the greatest common divisor of 40 and n?
10
Let g = 18 - 9. Suppose -z + 6*z + 8 = -2*a, -z - 3*a - 12 = 0. Suppose -s - 2*f - f + 48 = 0, z = -s - f + 52. What is the highest common divisor of g and s?
9
Let m = 3976 + -2537. Suppose -10*p + m - 489 = 0. Calculate the highest common factor of 38 and p.
19
Suppose 26 = 2*p + 2*s - 3*s, 3*p - 4*s = 44. Suppose 0 = k + 11 - p. Let m = 0 - -4. Calculate the highest common factor of k and m.
1
Let a(j) = -21*j + 15. Let g be a(-1). What is the highest common factor of g and 270?
18
Let t(y) = 17*y**2 - 59*y + 172. Let h be t(3). Calculate the highest common factor of 333 and h.
37
Suppose -k = -3*n + 4*k + 112, -2*k = -3*n + 97. Calculate the highest common divisor of n and 464.
29
Let v = 1718 - 1501. Calculate the greatest common divisor of 31 and v.
31
Suppose 0 = -18*g + 2039 - 419. Calculate the highest common divisor of 144 and g.
18
Let n be (-10)/(-3) + (-21)/9 + 2. Suppose -4*x = -4*p - 236, n*x + x - 232 = 3*p. Calculate the greatest common divisor of x and 11.
11
Let y(b) = -b + 60. Let k be y(-9). What is the greatest common factor of k and 23?
23
Suppose -3*k - 33 = 4*l - 114, 3*l - 5*k - 97 = 0. Calculate the highest common factor of 108 and l.
12
Suppose 5*o - 5*g + 75 = 0, 3*o + 5*g + 10 = g. Let q be (-15)/o*(-140)/(-6). Let m = 10 + 4. Calculate the greatest common factor of m and q.
7
Let w be ((-2)/(-4))/((-21)/(-2730)). Calculate the highest common divisor of 260 and w.
65
Let z = -136 - -139. Suppose -5*r + 3*w = -116, -2*r - 5*w = -z*w - 40. Calculate the greatest common factor of 44 and r.
22
Suppose s + t - 54 - 163 = 0, 0 = 4*s - 3*t - 868. Suppose z - s = -5*i, -i + 2*i + 5*z = 29. Wha